 to base 15.
8d3b
What is 15c (base 15) in base 16?
138
Convert 1322 (base 4) to base 2.
1111010
What is -3210 (base 8) in base 16?
-688
100010100100 (base 2) to base 7
6310
3000 (base 6) to base 7
1614
-3130 (base 4) to base 11
-190
Convert 756 (base 16) to base 5.
30003
Convert -11110111100 (base 2) to base 15.
-8c0
2012 (base 4) to base 8
206
Convert -52234 (base 8) to base 10.
-21660
What is -9668 (base 11) in base 8?
-30753
What is -404 (base 12) in base 10?
-580
7551 (base 10) to base 12
4453
744 (base 10) to base 13
453
Convert 10101000001 (base 2) to base 4.
111001
What is 111 (base 3) in base 5?
23
What is -3565 (base 14) in base 15?
-2b51
Convert -130112 (base 4) to base 15.
-80e
Convert -21121120 (base 3) to base 15.
-19a0
Convert 29b1 (base 12) to base 14.
1acd
What is -113211 (base 5) in base 6?
-31205
What is -b998 (base 13) in base 7?
-135154
Convert 3920 (base 13) to base 9.
12142
What is -12003310 (base 4) in base 13?
-b3b3
110001 (base 2) to base 3
1211
What is c32 (base 13) in base 7?
6014
What is -1edb (base 15) in base 10?
-6731
What is e09 (base 15) in base 10?
3159
What is 16950 (base 11) in base 16?
5cdb
-3111 (base 4) to base 14
-113
What is -26336 (base 9) in base 13?
-8121
373 (base 13) to base 14
30d
What is -2100011 (base 3) in base 15?
-78a
Convert -1245 (base 7) to base 16.
-1da
210 (base 11) to base 8
375
3e3 (base 15) to base 9
1186
Convert 67 (base 13) to base 6.
221
-17472 (base 9) to base 4
-2330111
Convert 27917 (base 11) to base 5.
2232311
Convert -140 (base 13) to base 7.
-434
-2154 (base 6) to base 4
-13312
What is -918 (base 15) in base 8?
-4000
-101111100100011 (base 2) to base 8
-57443
What is -211011122 (base 3) in base 4?
-3330203
What is -112201122 (base 3) in base 9?
-15648
10201 (base 6) to base 8
2531
Convert 5613 (base 11) to base 6.
54123
Convert -2a20 (base 12) to base 14.
-1b16
Convert 1344 (base 5) to base 10.
224
Convert -31023312 (base 4) to base 9.
-82066
Convert 86c2 (base 14) to base 13.
a7b2
-121102 (base 4) to base 3
-2012221
Convert -12223 (base 8) to base 10.
-5267
67134 (base 8) to base 4
12321130
What is 27133 (base 8) in base 10?
11867
Convert -3587 (base 9) to base 5.
-41141
-4250 (base 11) to base 10
-5621
Convert 1042411 (base 5) to base 16.
4831
3ba3 (base 14) to base 16
2923
1028 (base 9) to base 8
1363
Convert -2451 (base 7) to base 10.
-918
-2237 (base 9) to base 13
-9a3
Convert -460 (base 13) to base 2.
-1011110010
What is -1d9 (base 14) in base 2?
-110000011
533 (base 11) to base 13
3a4
-168 (base 16) to base 12
-260
Convert 347 (base 13) to base 3.
202222
What is 11000011001000 (base 2) in base 4?
3003020
What is -4872 (base 10) in base 5?
-123442
-111515 (base 6) to base 13
-4412
Convert -740 (base 10) to base 4.
-23210
Convert 1239d (base 14) to base 5.
2412011
11563 (base 7) to base 13
14c5
Convert -100200 (base 3) to base 2.
-100000101
What is -100011020 (base 3) in base 2?
-1101000010011
What is -3023211 (base 4) in base 15?
-3cd9
-10010122 (base 3) to base 10
-2285
2b (base 14) to base 15
29
Convert -1410 (base 5) to base 14.
-126
What is -357 (base 13) in base 3?
-210110
What is -287 (base 9) in base 10?
-241
What is 15500 (base 7) in base 14?
1837
Convert 41102 (base 5) to base 10.
2652
-10020020 (base 3) to base 14
-c03
10222220 (base 3) to base 10
2913
17a2 (base 13) to base 9
4732
-23123 (base 7) to base 8
-13411
204231 (base 5) to base 14
26ac
What is -9ab2 (base 15) in base 7?
-164414
Convert 1210 (base 10) to base 16.
4ba
What is 10100010011 (base 2) in base 6?
10003
155a2 (base 11) to base 4
11113331
21333 (base 4) to base 11
531
What is -23530 (base 9) in base 6?
-200513
What is 3c (base 14) in base 5?
204
Convert 22303223 (base 4) to base 15.
d1b2
What is -100000010110 (base 2) in base 7?
-6015
Convert 5004 (base 11) to base 4.
1220003
What is 24730 (base 10) in base 11?
17642
Convert -5575 (base 13) to base 14.
-44bc
Convert -100011001101 (base 2) to base 16.
-8cd
Convert -10441 (base 12) to base 15.
-64e1
What is 1001010000 (base 2) in base 10?
592
Convert 195f (base 16) to base 7.
24636
Convert -1533 (base 11) to base 5.
-30342
12222212 (base 3) to base 12
2642
What is -1011010100001100 (base 2) in base 8?
-132414
356 (base 10) to base 15
18b
-2215 (base 11) to base 2
-101101101000
Convert 2171 (base 16) to base 12.
4b55
What is 10452 (base 6) in base 7?
4202
-30 (base 6) to base 8
-22
4133 (base 5) to base 7
1404
Convert -225 (base 12) to base 10.
-317
313124 (base 5) to base 10
10414
-1787 (base 9) to base 16
-55f
What is 815b (base 14) in base 2?
101011011010101
-2212 (base 11) to base 8
-5545
388 (base 16) to base 7
2431
Convert 1b667 (base 12) to base 10.
40687
8d8 (base 16) to base 8
4330
Convert -16c4 (base 14) to base 2.
-111111111100
-53ba (base 13) to base 9
-16868
Convert 110111 (base 3) to base 16.
151
What is -2352 (base 16) in base 15?
-2a2c
Convert 32288 (base 11) to base 15.
dd83
-2a (base 11) to base 3
-1012
What is -552 (base 16) in base 12?
-956
What is -3ac5 (base 15) in base 3?
-122020012
What is -10100101101010 (base 2) in base 9?
-15480
What is 252 (base 16) in base 14?
306
7018 (base 14) to base 16
4b1e
What is -7354 (base 9) in base 13?
-25c0
-1010110000001111 (base 2) to base 13
-17083
-1395b (base 13) to base 15
-ad4e
Convert -2103 (base 5) to base 7.
-545
Convert -5296 (base 11) to base 6.
-52230
Convert -1204 (base 7) to base 8.
-675
-10033223 (base 4) to base 6
-212255
-1045 (base 9) to base 10
-770
Convert 18b4 (base 13) to base 2.
111001110000
Convert -5530 (base 15) to base 5.
-1034140
What is 24050 (base 6) in base 9?
4703
What is -2371 (base 9) in base 10?
-1765
What is -404 (base 12) in base 11?
-488
-aa (base 11) to base 13
-93
What is -992 (base 14) in base 8?
-3544
Convert 318a (base 15) to base 12.
6094
-1014 (base 12) to base 9
-2347
Convert -1187 (base 10) to base 6.
-5255
-122222 (base 3) to base 8
-745
-437 (base 16) to base 11
-8a1
Convert 5070 (base 8) to base 6.
20040
-1498 (base 10) to base 8
-2732
Convert 270 (base 9) to base 6.
1013
Convert -1643 (base 11) to base 15.
-954
1a206 (base 11) to base 9
42612
6684 (base 12) to base 16
2c44
-516 (base 11) to base 6
-2514
What is -339a (base 13) in base 9?
-10817
-53 (base 13) to base 2
-1000100
10065 (base 11) to base 5
432322
What is 108176 (base 9) in base 16?
fe07
What is 2352 (base 8) in base 12?
88a
What is 1dca (base 14) in base 4?
1111132
What is 323322 (base 4) in base 9?
5230
-110132 (base 6) to base 16
-23a8
What is -241 (base 16) in base 9?
-711
Convert 3247 (base 13) to base 6.
52204
What is -425 (base 10) in base 7?
-1145
Convert 15505 (base 6) to base 11.
1a19
Convert -599 (base 11) to base 8.
-1311
What is -583 (base 9) in base 7?
-1254
Convert -15e7 (base 15) to base 16.
-126d
What is -a014 (base 15) in base 11?
-2340a
What is 1a8 (base 14) in base 2?
101011000
Convert 21033 (base 6) to base 9.
3783
Convert 237 (base 12) to base 6.
1311
Convert 111100011110 (base 2) to base 7.
14166
Convert a96 (base 11) to base 15.
5ca
46cc (base 13) to base 9
14607
Convert 110 (base 3) to base 11.
11
What is -110034 (base 6) in base 4?
-2032012
-136055 (base 7) to base 2
-110010111111100
Convert 1120022 (base 3) to base 12.
7b2
Convert -10011000110 (base 2) to base 4.
-103012
121203 (base 4) to base 5
23020
Convert -544 (base 11) to base 6.
-3005
-2698 (base 14) to base 3
-100022210
Convert -5966 (base 11) to base 6.
-100104
What is 8381 (base 13) in base 6?
220112
Convert -541 (base 10) to base 4.
-20131
What is 6b79 (base 14) in base 12?
aa07
-2a (base 11) to base 7
-44
6440 (base 7) to base 15
a22
Convert -6855 (base 13) to base 7.
-60402
Convert 11101 (base 2) to base 5.
104
Convert 1723 (base 9) to base 16.
525
420342 (base 5) to base 4
3120113
-eb5 (base 15) to base 14
-12d2
What is 10011100101111 (base 2) in base 4?
2130233
What is -10010100011 (base 2) in base 10?
-1187
Convert -1023 (base 7) to base 5.
-2420
-1650 (base 14) to base 12
-2386
What is 220102110 (base 3) in base 5?
1032210
Convert 327 (base 10) to base 6.
1303
Convert 160543 (base 7) to base 9.
47167
What is -4db9 (base 14) in base 4?
-3111313
What is -10201222 (base 4) in base 9?
-27377
What is 3e1 (base 16) in base 7?
2616
Convert -a44 (base 11) to base 6.
-5454
Convert 1500 (